46
What is the remainder when 9230 is divided by 7?
4
Calculate the remainder when 209 is divided by 72.
65
What is the remainder when 7 is divided by 7?
0
Calculate the remainder when 107 is divided by 53.
1
Calculate the remainder when 2475 is divided by 10.
5
Calculate the remainder when 342 is divided by 86.
84
What is the remainder when 13769 is divided by 45?
44
Calculate the remainder when 1947 is divided by 312.
75
What is the remainder when 299 is divided by 32?
11
Calculate the remainder when 278 is divided by 138.
2
Calculate the remainder when 2589 is divided by 435.
414
Calculate the remainder when 3117 is divided by 78.
75
What is the remainder when 867 is divided by 187?
119
What is the remainder when 1846 is divided by 28?
26
Calculate the remainder when 543 is divided by 91.
88
What is the remainder when 280 is divided by 140?
0
Calculate the remainder when 381 is divided by 92.
13
Calculate the remainder when 273 is divided by 70.
63
What is the remainder when 605 is divided by 15?
5
Calculate the remainder when 231 is divided by 9.
6
What is the remainder when 1516 is divided by 9?
4
Calculate the remainder when 214 is divided by 9.
7
What is the remainder when 648 is divided by 634?
14
What is the remainder when 652 is divided by 285?
82
Calculate the remainder when 219 is divided by 91.
37
Calculate the remainder when 69 is divided by 19.
12
What is the remainder when 1268 is divided by 169?
85
What is the remainder when 37431 is divided by 41?
39
What is the remainder when 244 is divided by 28?
20
Calculate the remainder when 444 is divided by 115.
99
What is the remainder when 1847 is divided by 614?
5
What is the remainder when 57 is divided by 21?
15
Calculate the remainder when 2009 is divided by 33.
29
What is the remainder when 3044 is divided by 87?
86
Calculate the remainder when 309 is divided by 86.
51
What is the remainder when 30468 is divided by 7?
4
Calculate the remainder when 642 is divided by 43.
40
Calculate the remainder when 154 is divided by 44.
22
Calculate the remainder when 1760 is divided by 14.
10
What is the remainder when 3874 is divided by 19?
17
What is the remainder when 273 is divided by 25?
23
What is the remainder when 1245 is divided by 29?
27
What is the remainder when 51 is divided by 15?
6
Calculate the remainder when 133 is divided by 15.
13
Calculate the remainder when 721 is divided by 181.
178
What is the remainder when 1299 is divided by 43?
9
Calculate the remainder when 14192 is divided by 151.
149
What is the remainder when 94 is divided by 12?
10
Calculate the remainder when 204 is divided by 110.
94
What is the remainder when 5244 is divided by 16?
12
What is the remainder when 273 is divided by 206?
67
Calculate the remainder when 2018 is divided by 26.
16
Calculate the remainder when 1405 is divided by 67.
65
What is the remainder when 33 is divided by 31?
2
What is the remainder when 281 is divided by 18?
11
Calculate the remainder when 130 is divided by 66.
64
What is the remainder when 725 is divided by 184?
173
Calculate the remainder when 231 is divided by 207.
24
What is the remainder when 1061 is divided by 346?
23
Calculate the remainder when 30 is divided by 30.
0
What is the remainder when 502 is divided by 60?
22
What is the remainder when 20 is divided by 12?
8
What is the remainder when 2207 is divided by 203?
177
What is the remainder when 3534 is divided by 20?
14
What is the remainder when 108 is divided by 11?
9
What is the remainder when 191 is divided by 6?
5
What is the remainder when 169 is divided by 47?
28
What is the remainder when 45070 is divided by 47?
44
What is the remainder when 921 is divided by 44?
41
Calculate the remainder when 116 is divided by 115.
1
What is the remainder when 306 is divided by 104?
98
Calculate the remainder when 999 is divided by 13.
11
What is the remainder when 2844 is divided by 50?
44
Calculate the remainder when 85 is divided by 59.
26
Calculate the remainder when 278 is divided by 14.
12
What is the remainder when 545 is divided by 80?
65
Calculate the remainder when 367 is divided by 16.
15
What is the remainder when 425 is divided by 212?
1
What is the remainder when 144 is divided by 74?
70
What is the remainder when 1800 is divided by 39?
6
What is the remainder when 272 is divided by 35?
27
What is the remainder when 1195 is divided by 50?
45
What is the remainder when 1195 is divided by 92?
91
What is the remainder when 611 is divided by 15?
11
Calculate the remainder when 4932 is divided by 81.
72
What is the remainder when 30777 is divided by 54?
51
Calculate the remainder when 1359 is divided by 343.
330
What is the remainder when 3244 is divided by 21?
10
What is the remainder when 560 is divided by 57?
47
What is the remainder when 154 is divided by 28?
14
What is the remainder when 310 is divided by 81?
67
Calculate the remainder when 187 is divided by 38.
35
What is the remainder when 400 is divided by 59?
46
What is the remainder when 525 is divided by 53?
48
What is the remainder when 25 is divided by 9?
7
Calculate the remainder when 353 is divided by 17.
13
Calculate the remainder when 384 is divided by 172.
40
Calculate the remainder when 40 is divided by 22.
18
What is the remainder when 68 is divided by 12?
8
What is the remainder when 705 is divided by 31?
23
What is the remainder when 9742 is divided by 112?
110
What is the remainder when 43 is divided by 12?
7
Calculate the remainder when 776 is divided by 117.
74
What is the remainder when 283 is divided by 163?
120
What is the remainder when 404 is divided by 130?
14
Calculate the remainder when 226 is divided by 26.
18
Calculate the remainder when 4945 is divided by 46.
23
Calculate the remainder when 673 is divided by 36.
25
Calculate the remainder when 94 is divided by 16.
14
Calculate the remainder when 194 is divided by 40.
34
What is the remainder when 431 is divided by 327?
104
What is the remainder when 49 is divided by 24?
1
What is the remainder when 3767 is divided by 58?
55
Calculate the remainder when 463 is divided by 174.
115
Calculate the remainder when 635 is divided by 71.
67
What is the remainder when 1342 is divided by 19?
12
Calculate the remainder when 6987 is divided by 23.
18
What is the remainder when 35 is divided by 32?
3
Calculate the remainder when 87 is divided by 14.
3
What is the remainder when 508 is divided by 51?
49
What is the remainder when 7307 is divided by 17?
14
Calculate the remainder when 548 is divided by 19.
16
Calculate the remainder when 729 is divided by 490.
239
Calculate the remainder when 659 is divided by 22.
21
What is the remainder when 207 is divided by 19?
17
What is the remainder when 4919 is divided by 82?
81
What is the remainder when 2555 is divided by 835?
50
Calculate the remainder when 40 is divided by 24.
16
What is the remainder when 1167 is divided by 6?
3
What is the remainder when 620 is divided by 207?
206
Calculate the remainder when 6 is divided by 5.
1
Calculate the remainder when 152 is divided by 77.
75
Calculate the remainder when 2202 is divided by 147.
144
Calculate the remainder when 42 is divided by 18.
6
What is the remainder when 614 is divided by 124?
118
What is the remainder when 249 is divided by 85?
79
What is the remainder when 325 is divided by 183?
142
Calculate the remainder when 419 is divided by 122.
53
What is the remainder when 796 is divided by 206?
178
What is the remainder when 2811 is divided by 38?
37
What is the remainder when 33 is divided by 27?
6
Calculate the remainder when 1267 is divided by 30.
7
Calculate the remainder when 476 is divided by 234.
8
What is the remainder when 251 is divided by 89?
73
What is the remainder when 761 is divided by 22?
13
What is the remainder when 2081 is divided by 22?
13
What is the remainder when 645 is divided by 214?
3
What is the remainder when 985 is divided by 1?
0
What is the remainder when 1201 is divided by 236?
21
What is the remainder when 860 is divided by 299?
262
Calculate the remainder when 2038 is divided by 438.
286
Calculate the remainder when 4406 is divided by 260.
246
Calculate the remainder when 168 is divided by 53.
9
Calculate the remainder when 1739 is divided by 572.
23
W